{"id":135,"date":"2023-01-02T11:17:21","date_gmt":"2023-01-02T10:17:21","guid":{"rendered":"http:\/\/83ulm.fr\/?page_id=135"},"modified":"2025-03-16T12:40:41","modified_gmt":"2025-03-16T11:40:41","slug":"questions","status":"publish","type":"page","link":"https:\/\/83ulm.fr\/?page_id=135","title":{"rendered":"Questions"},"content":{"rendered":"\t\t<div data-elementor-type=\"wp-page\" data-elementor-id=\"135\" class=\"elementor elementor-135\">\n\t\t\t\t\t\t\t\t\t<section class=\"elementor-section elementor-top-section elementor-element elementor-element-9264de3 elementor-section-full_width elementor-section-height-min-height elementor-section-height-default elementor-section-items-middle\" data-id=\"9264de3\" data-element_type=\"section\" data-settings=\"{&quot;background_background&quot;:&quot;slideshow&quot;,&quot;background_slideshow_gallery&quot;:[{&quot;id&quot;:15,&quot;url&quot;:&quot;http:\\\/\\\/83ulm.fr\\\/wp-content\\\/uploads\\\/2023\\\/01\\\/Rallye-Tunisie-19-scaled.jpg&quot;},{&quot;id&quot;:17,&quot;url&quot;:&quot;http:\\\/\\\/83ulm.fr\\\/wp-content\\\/uploads\\\/2023\\\/01\\\/Montagne-FJAGT-Vers-GAP.jpg&quot;},{&quot;id&quot;:18,&quot;url&quot;:&quot;http:\\\/\\\/83ulm.fr\\\/wp-content\\\/uploads\\\/2023\\\/01\\\/MontagneFJAGT-Banon.jpeg&quot;},{&quot;id&quot;:19,&quot;url&quot;:&quot;http:\\\/\\\/83ulm.fr\\\/wp-content\\\/uploads\\\/2023\\\/01\\\/Tour-de-France-2014-7-scaled.jpg&quot;},{&quot;id&quot;:20,&quot;url&quot;:&quot;http:\\\/\\\/83ulm.fr\\\/wp-content\\\/uploads\\\/2023\\\/01\\\/Tour-de-France-2014-9-15-scaled.jpg&quot;},{&quot;id&quot;:21,&quot;url&quot;:&quot;http:\\\/\\\/83ulm.fr\\\/wp-content\\\/uploads\\\/2023\\\/01\\\/Savage-Sainte-Croix-8-rotated.jpg&quot;},{&quot;id&quot;:22,&quot;url&quot;:&quot;http:\\\/\\\/83ulm.fr\\\/wp-content\\\/uploads\\\/2023\\\/01\\\/Ecole-de-Pilotage-9-LFTF-Verticale-Terrain-scaled.jpg&quot;},{&quot;id&quot;:23,&quot;url&quot;:&quot;http:\\\/\\\/83ulm.fr\\\/wp-content\\\/uploads\\\/2023\\\/01\\\/Tour-dItalie-22-13.jpg&quot;},{&quot;id&quot;:24,&quot;url&quot;:&quot;http:\\\/\\\/83ulm.fr\\\/wp-content\\\/uploads\\\/2023\\\/01\\\/Tour-dItalie-22-18.jpg&quot;},{&quot;id&quot;:25,&quot;url&quot;:&quot;http:\\\/\\\/83ulm.fr\\\/wp-content\\\/uploads\\\/2023\\\/01\\\/Montagne-Savage-Valberg-23.jpg&quot;},{&quot;id&quot;:26,&quot;url&quot;:&quot;http:\\\/\\\/83ulm.fr\\\/wp-content\\\/uploads\\\/2023\\\/01\\\/Tour-dItalie-22-8.jpg&quot;},{&quot;id&quot;:34,&quot;url&quot;:&quot;http:\\\/\\\/83ulm.fr\\\/wp-content\\\/uploads\\\/2023\\\/01\\\/Club-0-scaled.jpg&quot;}],&quot;background_slideshow_loop&quot;:&quot;yes&quot;,&quot;background_slideshow_slide_duration&quot;:5000,&quot;background_slideshow_slide_transition&quot;:&quot;fade&quot;,&quot;background_slideshow_transition_duration&quot;:500}\">\n\t\t\t\t\t\t<div class=\"elementor-container elementor-column-gap-default\">\n\t\t\t\t\t<div class=\"elementor-column elementor-col-100 elementor-top-column elementor-element elementor-element-cb75ccb\" data-id=\"cb75ccb\" data-element_type=\"column\">\n\t\t\t<div class=\"elementor-widget-wrap elementor-element-populated\">\n\t\t\t\t\t\t\t\t<div class=\"elementor-element elementor-element-6ec1938 elementor-widget elementor-widget-heading\" data-id=\"6ec1938\" data-element_type=\"widget\" data-widget_type=\"heading.default\">\n\t\t\t\t<div class=\"elementor-widget-container\">\n\t\t\t<style>\/*! elementor - v3.9.2 - 21-12-2022 *\/\n.elementor-heading-title{padding:0;margin:0;line-height:1}.elementor-widget-heading .elementor-heading-title[class*=elementor-size-]>a{color:inherit;font-size:inherit;line-height:inherit}.elementor-widget-heading .elementor-heading-title.elementor-size-small{font-size:15px}.elementor-widget-heading .elementor-heading-title.elementor-size-medium{font-size:19px}.elementor-widget-heading .elementor-heading-title.elementor-size-large{font-size:29px}.elementor-widget-heading .elementor-heading-title.elementor-size-xl{font-size:39px}.elementor-widget-heading .elementor-heading-title.elementor-size-xxl{font-size:59px}<\/style><h2 class=\"elementor-heading-title elementor-size-default\">QUESTIONS DIVERSES<\/h2>\t\t<\/div>\n\t\t\t\t<\/div>\n\t\t\t\t\t<\/div>\n\t\t<\/div>\n\t\t\t\t\t\t\t<\/div>\n\t\t<\/section>\n\t\t\t\t<section class=\"elementor-section elementor-top-section elementor-element elementor-element-478366a elementor-section-boxed elementor-section-height-default elementor-section-height-default\" data-id=\"478366a\" data-element_type=\"section\">\n\t\t\t\t\t\t<div class=\"elementor-container elementor-column-gap-default\">\n\t\t\t\t\t<div class=\"elementor-column elementor-col-100 elementor-top-column elementor-element elementor-element-dbfeffe\" data-id=\"dbfeffe\" data-element_type=\"column\">\n\t\t\t<div class=\"elementor-widget-wrap elementor-element-populated\">\n\t\t\t\t\t\t\t\t<div class=\"elementor-element elementor-element-3d34646 elementor-widget elementor-widget-text-editor\" data-id=\"3d34646\" data-element_type=\"widget\" data-widget_type=\"text-editor.default\">\n\t\t\t\t<div class=\"elementor-widget-container\">\n\t\t\t<style>\/*! elementor - v3.9.2 - 21-12-2022 *\/\n.elementor-widget-text-editor.elementor-drop-cap-view-stacked .elementor-drop-cap{background-color:#818a91;color:#fff}.elementor-widget-text-editor.elementor-drop-cap-view-framed .elementor-drop-cap{color:#818a91;border:3px solid;background-color:transparent}.elementor-widget-text-editor:not(.elementor-drop-cap-view-default) .elementor-drop-cap{margin-top:8px}.elementor-widget-text-editor:not(.elementor-drop-cap-view-default) .elementor-drop-cap-letter{width:1em;height:1em}.elementor-widget-text-editor .elementor-drop-cap{float:left;text-align:center;line-height:1;font-size:50px}.elementor-widget-text-editor .elementor-drop-cap-letter{display:inline-block}<\/style>\t\t\t\t<p>Vous trouverez ci-apr\u00e8s les r\u00e9ponses aux questions que vous vous posez mais pour vraiment savoir qui nous sommes n&rsquo;h\u00e9sitez pas \u00e0 venir nous voir pour un vol d&rsquo;essai<\/p>\t\t\t\t\t\t<\/div>\n\t\t\t\t<\/div>\n\t\t\t\t<div class=\"elementor-element elementor-element-e0d82da elementor-widget elementor-widget-spacer\" data-id=\"e0d82da\" data-element_type=\"widget\" data-widget_type=\"spacer.default\">\n\t\t\t\t<div class=\"elementor-widget-container\">\n\t\t\t<style>\/*! elementor - v3.9.2 - 21-12-2022 *\/\n.elementor-column .elementor-spacer-inner{height:var(--spacer-size)}.e-con{--container-widget-width:100%}.e-con-inner>.elementor-widget-spacer,.e-con>.elementor-widget-spacer{width:var(--container-widget-width,var(--spacer-size));--align-self:var(--container-widget-align-self,initial);--flex-shrink:0}.e-con-inner>.elementor-widget-spacer>.elementor-widget-container,.e-con-inner>.elementor-widget-spacer>.elementor-widget-container>.elementor-spacer,.e-con>.elementor-widget-spacer>.elementor-widget-container,.e-con>.elementor-widget-spacer>.elementor-widget-container>.elementor-spacer{height:100%}.e-con-inner>.elementor-widget-spacer>.elementor-widget-container>.elementor-spacer>.elementor-spacer-inner,.e-con>.elementor-widget-spacer>.elementor-widget-container>.elementor-spacer>.elementor-spacer-inner{height:var(--container-widget-height,var(--spacer-size))}<\/style>\t\t<div class=\"elementor-spacer\">\n\t\t\t<div class=\"elementor-spacer-inner\"><\/div>\n\t\t<\/div>\n\t\t\t\t<\/div>\n\t\t\t\t<\/div>\n\t\t\t\t\t<\/div>\n\t\t<\/div>\n\t\t\t\t\t\t\t<\/div>\n\t\t<\/section>\n\t\t\t\t<section class=\"elementor-section elementor-top-section elementor-element elementor-element-06bed06 elementor-section-boxed elementor-section-height-default elementor-section-height-default\" data-id=\"06bed06\" data-element_type=\"section\">\n\t\t\t\t\t\t<div class=\"elementor-container elementor-column-gap-default\">\n\t\t\t\t\t<div class=\"elementor-column elementor-col-100 elementor-top-column elementor-element elementor-element-4fee479\" data-id=\"4fee479\" data-element_type=\"column\">\n\t\t\t<div class=\"elementor-widget-wrap elementor-element-populated\">\n\t\t\t\t\t\t\t\t<div class=\"elementor-element elementor-element-8a45970 elementor-widget elementor-widget-toggle\" data-id=\"8a45970\" data-element_type=\"widget\" data-widget_type=\"toggle.default\">\n\t\t\t\t<div class=\"elementor-widget-container\">\n\t\t\t<style>\/*! elementor - v3.9.2 - 21-12-2022 *\/\n.elementor-toggle{text-align:left}.elementor-toggle .elementor-tab-title{font-weight:700;line-height:1;margin:0;padding:15px;border-bottom:1px solid #d4d4d4;cursor:pointer;outline:none}.elementor-toggle .elementor-tab-title .elementor-toggle-icon{display:inline-block;width:1em}.elementor-toggle .elementor-tab-title .elementor-toggle-icon svg{-webkit-margin-start:-5px;margin-inline-start:-5px;width:1em;height:1em}.elementor-toggle .elementor-tab-title .elementor-toggle-icon.elementor-toggle-icon-right{float:right;text-align:right}.elementor-toggle .elementor-tab-title .elementor-toggle-icon.elementor-toggle-icon-left{float:left;text-align:left}.elementor-toggle .elementor-tab-title .elementor-toggle-icon .elementor-toggle-icon-closed{display:block}.elementor-toggle .elementor-tab-title .elementor-toggle-icon .elementor-toggle-icon-opened{display:none}.elementor-toggle .elementor-tab-title.elementor-active{border-bottom:none}.elementor-toggle .elementor-tab-title.elementor-active .elementor-toggle-icon-closed{display:none}.elementor-toggle .elementor-tab-title.elementor-active .elementor-toggle-icon-opened{display:block}.elementor-toggle .elementor-tab-content{padding:15px;border-bottom:1px solid #d4d4d4;display:none}@media (max-width:767px){.elementor-toggle .elementor-tab-title{padding:12px}.elementor-toggle .elementor-tab-content{padding:12px 10px}}.e-con-inner>.elementor-widget-toggle,.e-con>.elementor-widget-toggle{width:var(--container-widget-width);--flex-grow:var(--container-widget-flex-grow)}<\/style>\t\t<div class=\"elementor-toggle\" role=\"tablist\">\n\t\t\t\t\t\t\t<div class=\"elementor-toggle-item\">\n\t\t\t\t\t<div id=\"elementor-tab-title-1441\" class=\"elementor-tab-title\" data-tab=\"1\" role=\"tab\" aria-controls=\"elementor-tab-content-1441\" aria-expanded=\"false\">\n\t\t\t\t\t\t\t\t\t\t\t\t<span class=\"elementor-toggle-icon elementor-toggle-icon-left\" aria-hidden=\"true\">\n\t\t\t\t\t\t\t\t\t\t\t\t\t\t\t<span class=\"elementor-toggle-icon-closed\"><i class=\"fas fa-caret-right\"><\/i><\/span>\n\t\t\t\t\t\t\t\t<span class=\"elementor-toggle-icon-opened\"><i class=\"elementor-toggle-icon-opened fas fa-caret-up\"><\/i><\/span>\n\t\t\t\t\t\t\t\t\t\t\t\t\t<\/span>\n\t\t\t\t\t\t\t\t\t\t\t\t<a href=\"\" class=\"elementor-toggle-title\">Que doit-on faire pour devenir pilote ULM<\/a>\n\t\t\t\t\t<\/div>\n\n\t\t\t\t\t<div id=\"elementor-tab-content-1441\" class=\"elementor-tab-content elementor-clearfix\" data-tab=\"1\" role=\"tabpanel\" aria-labelledby=\"elementor-tab-title-1441\"><p>Il faudra obtenir le brevet \/licence.<\/p><p>Vous devrez suivre une formation qui comporte deux volets.<\/p><p>Une formation pratique en vol<\/p><p>Une formation th\u00e9orique<\/p><p>A l\u2019issue de ces formations, vous passerez un test. Si le r\u00e9sultat est positif, l\u2019examinateur vous d\u00e9livrera une attestation de r\u00e9ussite. Vous n\u2019aurez plus qu\u2019\u00e0 la faire valider par la DGAC pour obtenir le brevet\/licence de pilote UL<\/p><\/div>\n\t\t\t\t<\/div>\n\t\t\t\t\t\t\t<div class=\"elementor-toggle-item\">\n\t\t\t\t\t<div id=\"elementor-tab-title-1442\" class=\"elementor-tab-title\" data-tab=\"2\" role=\"tab\" aria-controls=\"elementor-tab-content-1442\" aria-expanded=\"false\">\n\t\t\t\t\t\t\t\t\t\t\t\t<span class=\"elementor-toggle-icon elementor-toggle-icon-left\" aria-hidden=\"true\">\n\t\t\t\t\t\t\t\t\t\t\t\t\t\t\t<span class=\"elementor-toggle-icon-closed\"><i class=\"fas fa-caret-right\"><\/i><\/span>\n\t\t\t\t\t\t\t\t<span class=\"elementor-toggle-icon-opened\"><i class=\"elementor-toggle-icon-opened fas fa-caret-up\"><\/i><\/span>\n\t\t\t\t\t\t\t\t\t\t\t\t\t<\/span>\n\t\t\t\t\t\t\t\t\t\t\t\t<a href=\"\" class=\"elementor-toggle-title\">Peut-on transformer un brevet pilote avion en brevet ULM<\/a>\n\t\t\t\t\t<\/div>\n\n\t\t\t\t\t<div id=\"elementor-tab-content-1442\" class=\"elementor-tab-content elementor-clearfix\" data-tab=\"2\" role=\"tabpanel\" aria-labelledby=\"elementor-tab-title-1442\"><p>Tout \u00e0 fait, si vous \u00eates d\u00e9j\u00e0 Pilote Avion ou h\u00e9licopt\u00e8re. La \nr\u00e9glementation \u00e0 laquelle est soumise l\u2019utilisation d\u2019un ULM est \u00e0 la \nfois \u00ab plus simple et plus restrictive \u00bb que celle que vous connaissez \nd\u00e9j\u00e0. Si votre licence est valide, vous n\u2019aurez pas de th\u00e9orique \u00e0 \npasser, celui de votre Brevet suffit.\n<\/p><p>Certes, les lois a\u00e9rodynamiques sont les m\u00eames pour un 3 axes ou un \navion mais, le comportement et l\u2019utilisation d\u2019un ULM sont assez \ndiff\u00e9rents. Comptez un cours en salle pour faire une mise au point sur \nla r\u00e9glementation. Il vous faudra \u00e9galement quelques heures \nd\u2019entrainement pour d\u00e9couvrir les diff\u00e9rences avion\/ULM et vous pr\u00e9parer\n au test en vol du brevet \/ licence ULM.<\/p>\n<p>La dur\u00e9e de cette adaptation sera fonction de votre dext\u00e9rit\u00e9.<\/p>\nM\u00eame si les exigences et le s\u00e9rieux de la formation sont semblables \u00e0\n ceux du brevet avion, le brevet ULM ne vous permettra que de voler seul\n \u00e0 bord. Si vous souhaitez emmener un passager, il vous faudra acqu\u00e9rir \nde l\u2019exp\u00e9rience puis passer un test en vol vous permettant d\u2019obtenir \n\u00ab&nbsp;l\u2019autorisation d\u2019emport passager&nbsp;\u00bb<\/div>\n\t\t\t\t<\/div>\n\t\t\t\t\t\t\t<div class=\"elementor-toggle-item\">\n\t\t\t\t\t<div id=\"elementor-tab-title-1443\" class=\"elementor-tab-title\" data-tab=\"3\" role=\"tab\" aria-controls=\"elementor-tab-content-1443\" aria-expanded=\"false\">\n\t\t\t\t\t\t\t\t\t\t\t\t<span class=\"elementor-toggle-icon elementor-toggle-icon-left\" aria-hidden=\"true\">\n\t\t\t\t\t\t\t\t\t\t\t\t\t\t\t<span class=\"elementor-toggle-icon-closed\"><i class=\"fas fa-caret-right\"><\/i><\/span>\n\t\t\t\t\t\t\t\t<span class=\"elementor-toggle-icon-opened\"><i class=\"elementor-toggle-icon-opened fas fa-caret-up\"><\/i><\/span>\n\t\t\t\t\t\t\t\t\t\t\t\t\t<\/span>\n\t\t\t\t\t\t\t\t\t\t\t\t<a href=\"\" class=\"elementor-toggle-title\">Puis-je louer une de vos machines<\/a>\n\t\t\t\t\t<\/div>\n\n\t\t\t\t\t<div id=\"elementor-tab-content-1443\" class=\"elementor-tab-content elementor-clearfix\" data-tab=\"3\" role=\"tabpanel\" aria-labelledby=\"elementor-tab-title-1443\"><p>Non, nous ne sommes pas une soci\u00e9t\u00e9 de location d&rsquo;ULM: nous fonctionnons comme un club<\/p><p>N\u00e9anmoins en tant que membre de 83ULM et titulaire d&rsquo;un brevet ULM vous pouvez utiliser nos machines apr\u00e8s avoir \u00e9t\u00e9 l\u00e2ch\u00e9 par un instructeur du club sur l&rsquo;appareil d\u00e9sir\u00e9; vous pourrez ensuite r\u00e9server sur notre agenda l&rsquo;ULM d\u00e9sir\u00e9.<\/p><\/div>\n\t\t\t\t<\/div>\n\t\t\t\t\t\t\t<div class=\"elementor-toggle-item\">\n\t\t\t\t\t<div id=\"elementor-tab-title-1444\" class=\"elementor-tab-title\" data-tab=\"4\" role=\"tab\" aria-controls=\"elementor-tab-content-1444\" aria-expanded=\"false\">\n\t\t\t\t\t\t\t\t\t\t\t\t<span class=\"elementor-toggle-icon elementor-toggle-icon-left\" aria-hidden=\"true\">\n\t\t\t\t\t\t\t\t\t\t\t\t\t\t\t<span class=\"elementor-toggle-icon-closed\"><i class=\"fas fa-caret-right\"><\/i><\/span>\n\t\t\t\t\t\t\t\t<span class=\"elementor-toggle-icon-opened\"><i class=\"elementor-toggle-icon-opened fas fa-caret-up\"><\/i><\/span>\n\t\t\t\t\t\t\t\t\t\t\t\t\t<\/span>\n\t\t\t\t\t\t\t\t\t\t\t\t<a href=\"\" class=\"elementor-toggle-title\">Que doit-on faire pour devenir membre de 83ULM<\/a>\n\t\t\t\t\t<\/div>\n\n\t\t\t\t\t<div id=\"elementor-tab-content-1444\" class=\"elementor-tab-content elementor-clearfix\" data-tab=\"4\" role=\"tabpanel\" aria-labelledby=\"elementor-tab-title-1444\"><p>Avant de vous lancer dans l\u2019aventure:<\/p><p>Obtenir de votre m\u00e9decin traitant un certificat de \u00ab\u00a0non contre-indication\u00a0\u00bb attestant de votre aptitude physique \u00e0 la pratique de l\u2019ULM.<\/p><p>S&rsquo;affilier \u00e0 la FFPLUM.<\/p><p>S&rsquo;acquitter de la cotisation annuelle du club.<\/p><p>D\u00e8s lors nous vous ferons parvenir les diff\u00e9rentes informations administratives et a\u00e9ronautiques qui vous seront utiles pour participation \u00e0 la vie du club.<\/p><\/div>\n\t\t\t\t<\/div>\n\t\t\t\t\t\t\t<div class=\"elementor-toggle-item\">\n\t\t\t\t\t<div id=\"elementor-tab-title-1445\" class=\"elementor-tab-title\" data-tab=\"5\" role=\"tab\" aria-controls=\"elementor-tab-content-1445\" aria-expanded=\"false\">\n\t\t\t\t\t\t\t\t\t\t\t\t<span class=\"elementor-toggle-icon elementor-toggle-icon-left\" aria-hidden=\"true\">\n\t\t\t\t\t\t\t\t\t\t\t\t\t\t\t<span class=\"elementor-toggle-icon-closed\"><i class=\"fas fa-caret-right\"><\/i><\/span>\n\t\t\t\t\t\t\t\t<span class=\"elementor-toggle-icon-opened\"><i class=\"elementor-toggle-icon-opened fas fa-caret-up\"><\/i><\/span>\n\t\t\t\t\t\t\t\t\t\t\t\t\t<\/span>\n\t\t\t\t\t\t\t\t\t\t\t\t<a href=\"\" class=\"elementor-toggle-title\">Combien \u00e7a c\u00f4ute<\/a>\n\t\t\t\t\t<\/div>\n\n\t\t\t\t\t<div id=\"elementor-tab-content-1445\" class=\"elementor-tab-content elementor-clearfix\" data-tab=\"5\" role=\"tabpanel\" aria-labelledby=\"elementor-tab-title-1445\"><p><strong>TARIFS<\/strong><\/p><p>Prix de l&rsquo;heure solo : 90,00 \u20ac\/Heure<br \/>Suppl\u00e9ment instructeur : 20,00\u20ac\/Heure<\/p><p>Forfait 10 H en instruction : 1 010.00 \u20ac<\/p><p>5 %\u00a0 sur le prix de l&rsquo;heure pour 10 H<\/p><p>Cotisation 83ULM : 75,00 \u20ac \/an<\/p><p>Pr\u00e9voir l\u2019inscription \u00e0 la FFPLUM 80.00 \u20ac \/ an environ (RC &amp; Casse couvertes par le Club)<\/p><\/div>\n\t\t\t\t<\/div>\n\t\t\t\t\t\t\t\t<\/div>\n\t\t\t\t<\/div>\n\t\t\t\t<\/div>\n\t\t\t\t\t<\/div>\n\t\t<\/div>\n\t\t\t\t\t\t\t<\/div>\n\t\t<\/section>\n\t\t\t\t\t\t\t<\/div>\n\t\t","protected":false},"excerpt":{"rendered":"<p>QUESTIONS DIVERSES Vous trouverez ci-apr\u00e8s les r\u00e9ponses aux questions que vous vous posez mais pour vraiment savoir qui nous sommes n&rsquo;h\u00e9sitez pas \u00e0 venir nous voir pour un vol d&rsquo;essai Que doit-on faire pour devenir pilote ULM Il faudra obtenir le brevet \/licence. Vous devrez suivre une formation qui comporte deux volets. Une formation pratique [&hellip;]<\/p>\n","protected":false},"author":1,"featured_media":0,"parent":0,"menu_order":3,"comment_status":"closed","ping_status":"closed","template":"","meta":[],"_links":{"self":[{"href":"https:\/\/83ulm.fr\/index.php?rest_route=\/wp\/v2\/pages\/135"}],"collection":[{"href":"https:\/\/83ulm.fr\/index.php?rest_route=\/wp\/v2\/pages"}],"about":[{"href":"https:\/\/83ulm.fr\/index.php?rest_route=\/wp\/v2\/types\/page"}],"author":[{"embeddable":true,"href":"https:\/\/83ulm.fr\/index.php?rest_route=\/wp\/v2\/users\/1"}],"replies":[{"embeddable":true,"href":"https:\/\/83ulm.fr\/index.php?rest_route=%2Fwp%2Fv2%2Fcomments&post=135"}],"version-history":[{"count":19,"href":"https:\/\/83ulm.fr\/index.php?rest_route=\/wp\/v2\/pages\/135\/revisions"}],"predecessor-version":[{"id":399,"href":"https:\/\/83ulm.fr\/index.php?rest_route=\/wp\/v2\/pages\/135\/revisions\/399"}],"wp:attachment":[{"href":"https:\/\/83ulm.fr\/index.php?rest_route=%2Fwp%2Fv2%2Fmedia&parent=135"}],"curies":[{"name":"wp","href":"https:\/\/api.w.org\/{rel}","templated":true}]}}