{"id":157,"date":"2023-01-02T12:18:32","date_gmt":"2023-01-02T11:18:32","guid":{"rendered":"http:\/\/83ulm.fr\/?page_id=157"},"modified":"2023-01-04T08:13:04","modified_gmt":"2023-01-04T07:13:04","slug":"contacts","status":"publish","type":"page","link":"https:\/\/83ulm.fr\/?page_id=157","title":{"rendered":"Contacts"},"content":{"rendered":"\t\t<div data-elementor-type=\"wp-page\" data-elementor-id=\"157\" class=\"elementor elementor-157\">\n\t\t\t\t\t\t\t\t\t<section class=\"elementor-section elementor-top-section elementor-element elementor-element-a3e2420 elementor-section-full_width elementor-section-height-min-height elementor-section-content-middle elementor-section-height-default elementor-section-items-middle\" data-id=\"a3e2420\" data-element_type=\"section\" data-settings=\"{&quot;background_background&quot;:&quot;slideshow&quot;,&quot;background_slideshow_gallery&quot;:[{&quot;id&quot;:15,&quot;url&quot;:&quot;http:\\\/\\\/83ulm.fr\\\/wp-content\\\/uploads\\\/2023\\\/01\\\/Rallye-Tunisie-19-scaled.jpg&quot;},{&quot;id&quot;:26,&quot;url&quot;:&quot;http:\\\/\\\/83ulm.fr\\\/wp-content\\\/uploads\\\/2023\\\/01\\\/Tour-dItalie-22-8.jpg&quot;},{&quot;id&quot;:25,&quot;url&quot;:&quot;http:\\\/\\\/83ulm.fr\\\/wp-content\\\/uploads\\\/2023\\\/01\\\/Montagne-Savage-Valberg-23.jpg&quot;},{&quot;id&quot;:24,&quot;url&quot;:&quot;http:\\\/\\\/83ulm.fr\\\/wp-content\\\/uploads\\\/2023\\\/01\\\/Tour-dItalie-22-18.jpg&quot;},{&quot;id&quot;:23,&quot;url&quot;:&quot;http:\\\/\\\/83ulm.fr\\\/wp-content\\\/uploads\\\/2023\\\/01\\\/Tour-dItalie-22-13.jpg&quot;},{&quot;id&quot;:22,&quot;url&quot;:&quot;http:\\\/\\\/83ulm.fr\\\/wp-content\\\/uploads\\\/2023\\\/01\\\/Ecole-de-Pilotage-9-LFTF-Verticale-Terrain-scaled.jpg&quot;},{&quot;id&quot;:21,&quot;url&quot;:&quot;http:\\\/\\\/83ulm.fr\\\/wp-content\\\/uploads\\\/2023\\\/01\\\/Savage-Sainte-Croix-8-rotated.jpg&quot;},{&quot;id&quot;:20,&quot;url&quot;:&quot;http:\\\/\\\/83ulm.fr\\\/wp-content\\\/uploads\\\/2023\\\/01\\\/Tour-de-France-2014-9-15-scaled.jpg&quot;},{&quot;id&quot;:19,&quot;url&quot;:&quot;http:\\\/\\\/83ulm.fr\\\/wp-content\\\/uploads\\\/2023\\\/01\\\/Tour-de-France-2014-7-scaled.jpg&quot;},{&quot;id&quot;:18,&quot;url&quot;:&quot;http:\\\/\\\/83ulm.fr\\\/wp-content\\\/uploads\\\/2023\\\/01\\\/MontagneFJAGT-Banon.jpeg&quot;},{&quot;id&quot;:17,&quot;url&quot;:&quot;http:\\\/\\\/83ulm.fr\\\/wp-content\\\/uploads\\\/2023\\\/01\\\/Montagne-FJAGT-Vers-GAP.jpg&quot;},{&quot;id&quot;:34,&quot;url&quot;:&quot;http:\\\/\\\/83ulm.fr\\\/wp-content\\\/uploads\\\/2023\\\/01\\\/Club-0-scaled.jpg&quot;}],&quot;background_slideshow_loop&quot;:&quot;yes&quot;,&quot;background_slideshow_slide_duration&quot;:5000,&quot;background_slideshow_slide_transition&quot;:&quot;fade&quot;,&quot;background_slideshow_transition_duration&quot;:500}\">\n\t\t\t\t\t\t<div class=\"elementor-container elementor-column-gap-default\">\n\t\t\t\t\t<div class=\"elementor-column elementor-col-100 elementor-top-column elementor-element elementor-element-d0ee8e2\" data-id=\"d0ee8e2\" data-element_type=\"column\">\n\t\t\t<div class=\"elementor-widget-wrap elementor-element-populated\">\n\t\t\t\t\t\t\t\t<div class=\"elementor-element elementor-element-ca03ddd elementor-widget elementor-widget-heading\" data-id=\"ca03ddd\" data-element_type=\"widget\" data-widget_type=\"heading.default\">\n\t\t\t\t<div class=\"elementor-widget-container\">\n\t\t\t<style>\/*! elementor - v3.9.2 - 21-12-2022 *\/\n.elementor-heading-title{padding:0;margin:0;line-height:1}.elementor-widget-heading .elementor-heading-title[class*=elementor-size-]>a{color:inherit;font-size:inherit;line-height:inherit}.elementor-widget-heading .elementor-heading-title.elementor-size-small{font-size:15px}.elementor-widget-heading .elementor-heading-title.elementor-size-medium{font-size:19px}.elementor-widget-heading .elementor-heading-title.elementor-size-large{font-size:29px}.elementor-widget-heading .elementor-heading-title.elementor-size-xl{font-size:39px}.elementor-widget-heading .elementor-heading-title.elementor-size-xxl{font-size:59px}<\/style><h1 class=\"elementor-heading-title elementor-size-default\">CONTACTS<\/h1>\t\t<\/div>\n\t\t\t\t<\/div>\n\t\t\t\t\t<\/div>\n\t\t<\/div>\n\t\t\t\t\t\t\t<\/div>\n\t\t<\/section>\n\t\t\t\t<section class=\"elementor-section elementor-top-section elementor-element elementor-element-205a838 elementor-section-boxed elementor-section-height-default elementor-section-height-default\" data-id=\"205a838\" data-element_type=\"section\">\n\t\t\t\t\t\t<div class=\"elementor-container elementor-column-gap-default\">\n\t\t\t\t\t<div class=\"elementor-column elementor-col-100 elementor-top-column elementor-element elementor-element-4643402\" data-id=\"4643402\" data-element_type=\"column\">\n\t\t\t<div class=\"elementor-widget-wrap elementor-element-populated\">\n\t\t\t\t\t\t\t\t<div class=\"elementor-element elementor-element-6ddf2b8 elementor-widget elementor-widget-spacer\" data-id=\"6ddf2b8\" data-element_type=\"widget\" data-widget_type=\"spacer.default\">\n\t\t\t\t<div class=\"elementor-widget-container\">\n\t\t\t<style>\/*! elementor - v3.9.2 - 21-12-2022 *\/\n.elementor-column .elementor-spacer-inner{height:var(--spacer-size)}.e-con{--container-widget-width:100%}.e-con-inner>.elementor-widget-spacer,.e-con>.elementor-widget-spacer{width:var(--container-widget-width,var(--spacer-size));--align-self:var(--container-widget-align-self,initial);--flex-shrink:0}.e-con-inner>.elementor-widget-spacer>.elementor-widget-container,.e-con-inner>.elementor-widget-spacer>.elementor-widget-container>.elementor-spacer,.e-con>.elementor-widget-spacer>.elementor-widget-container,.e-con>.elementor-widget-spacer>.elementor-widget-container>.elementor-spacer{height:100%}.e-con-inner>.elementor-widget-spacer>.elementor-widget-container>.elementor-spacer>.elementor-spacer-inner,.e-con>.elementor-widget-spacer>.elementor-widget-container>.elementor-spacer>.elementor-spacer-inner{height:var(--container-widget-height,var(--spacer-size))}<\/style>\t\t<div class=\"elementor-spacer\">\n\t\t\t<div class=\"elementor-spacer-inner\"><\/div>\n\t\t<\/div>\n\t\t\t\t<\/div>\n\t\t\t\t<\/div>\n\t\t\t\t\t<\/div>\n\t\t<\/div>\n\t\t\t\t\t\t\t<\/div>\n\t\t<\/section>\n\t\t\t\t<section class=\"elementor-section elementor-top-section elementor-element elementor-element-9ddf47a elementor-section-boxed elementor-section-height-default elementor-section-height-default\" data-id=\"9ddf47a\" data-element_type=\"section\">\n\t\t\t\t\t\t<div class=\"elementor-container elementor-column-gap-default\">\n\t\t\t\t\t<div class=\"elementor-column elementor-col-50 elementor-top-column elementor-element elementor-element-69f82c5\" data-id=\"69f82c5\" data-element_type=\"column\">\n\t\t\t<div class=\"elementor-widget-wrap elementor-element-populated\">\n\t\t\t\t\t\t\t\t<div class=\"elementor-element elementor-element-69281bb elementor-widget elementor-widget-image\" data-id=\"69281bb\" data-element_type=\"widget\" data-widget_type=\"image.default\">\n\t\t\t\t<div class=\"elementor-widget-container\">\n\t\t\t<style>\/*! elementor - v3.9.2 - 21-12-2022 *\/\n.elementor-widget-image{text-align:center}.elementor-widget-image a{display:inline-block}.elementor-widget-image a img[src$=\".svg\"]{width:48px}.elementor-widget-image img{vertical-align:middle;display:inline-block}<\/style>\t\t\t\t\t\t\t\t\t\t\t\t<img decoding=\"async\" width=\"606\" height=\"408\" src=\"https:\/\/83ulm.fr\/wp-content\/uploads\/2023\/01\/Acces-1.jpg\" class=\"attachment-large size-large wp-image-159\" alt=\"\" loading=\"lazy\" srcset=\"https:\/\/83ulm.fr\/wp-content\/uploads\/2023\/01\/Acces-1.jpg 606w, https:\/\/83ulm.fr\/wp-content\/uploads\/2023\/01\/Acces-1-300x202.jpg 300w\" sizes=\"(max-width: 606px) 100vw, 606px\" \/>\t\t\t\t\t\t\t\t\t\t\t\t\t\t\t<\/div>\n\t\t\t\t<\/div>\n\t\t\t\t\t<\/div>\n\t\t<\/div>\n\t\t\t\t<div class=\"elementor-column elementor-col-50 elementor-top-column elementor-element elementor-element-36c41c5\" data-id=\"36c41c5\" data-element_type=\"column\">\n\t\t\t<div class=\"elementor-widget-wrap elementor-element-populated\">\n\t\t\t\t\t\t\t\t<div class=\"elementor-element elementor-element-054188d elementor-widget elementor-widget-text-editor\" data-id=\"054188d\" data-element_type=\"widget\" data-widget_type=\"text-editor.default\">\n\t\t\t\t<div class=\"elementor-widget-container\">\n\t\t\t<style>\/*! elementor - v3.9.2 - 21-12-2022 *\/\n.elementor-widget-text-editor.elementor-drop-cap-view-stacked .elementor-drop-cap{background-color:#818a91;color:#fff}.elementor-widget-text-editor.elementor-drop-cap-view-framed .elementor-drop-cap{color:#818a91;border:3px solid;background-color:transparent}.elementor-widget-text-editor:not(.elementor-drop-cap-view-default) .elementor-drop-cap{margin-top:8px}.elementor-widget-text-editor:not(.elementor-drop-cap-view-default) .elementor-drop-cap-letter{width:1em;height:1em}.elementor-widget-text-editor .elementor-drop-cap{float:left;text-align:center;line-height:1;font-size:50px}.elementor-widget-text-editor .elementor-drop-cap-letter{display:inline-block}<\/style>\t\t\t\t<p><strong>83ULM<\/strong><\/p><p><strong>Zone Civile<\/strong><\/p><p><strong>A\u00e9rodrome de Cuers-Pierrefeu<\/strong><\/p><p><strong>83140 CUERS<\/strong><\/p>\t\t\t\t\t\t<\/div>\n\t\t\t\t<\/div>\n\t\t\t\t\t<\/div>\n\t\t<\/div>\n\t\t\t\t\t\t\t<\/div>\n\t\t<\/section>\n\t\t\t\t<section class=\"elementor-section elementor-top-section elementor-element elementor-element-7e23f09 elementor-section-boxed elementor-section-height-default elementor-section-height-default\" data-id=\"7e23f09\" data-element_type=\"section\">\n\t\t\t\t\t\t<div class=\"elementor-container elementor-column-gap-default\">\n\t\t\t\t\t<div class=\"elementor-column elementor-col-50 elementor-top-column elementor-element elementor-element-0c5b4c5\" data-id=\"0c5b4c5\" data-element_type=\"column\">\n\t\t\t<div class=\"elementor-widget-wrap elementor-element-populated\">\n\t\t\t\t\t\t\t\t<div class=\"elementor-element elementor-element-a15553f elementor-widget elementor-widget-image\" data-id=\"a15553f\" data-element_type=\"widget\" data-widget_type=\"image.default\">\n\t\t\t\t<div class=\"elementor-widget-container\">\n\t\t\t\t\t\t\t\t\t\t\t\t\t\t\t<img decoding=\"async\" width=\"800\" height=\"612\" src=\"https:\/\/83ulm.fr\/wp-content\/uploads\/2023\/01\/Acces-0.jpg\" class=\"attachment-large size-large wp-image-160\" alt=\"\" loading=\"lazy\" srcset=\"https:\/\/83ulm.fr\/wp-content\/uploads\/2023\/01\/Acces-0.jpg 873w, https:\/\/83ulm.fr\/wp-content\/uploads\/2023\/01\/Acces-0-300x230.jpg 300w, https:\/\/83ulm.fr\/wp-content\/uploads\/2023\/01\/Acces-0-768x588.jpg 768w\" sizes=\"(max-width: 800px) 100vw, 800px\" \/>\t\t\t\t\t\t\t\t\t\t\t\t\t\t\t<\/div>\n\t\t\t\t<\/div>\n\t\t\t\t\t<\/div>\n\t\t<\/div>\n\t\t\t\t<div class=\"elementor-column elementor-col-50 elementor-top-column elementor-element elementor-element-816ce49\" data-id=\"816ce49\" data-element_type=\"column\">\n\t\t\t<div class=\"elementor-widget-wrap elementor-element-populated\">\n\t\t\t\t\t\t\t\t<div class=\"elementor-element elementor-element-23102c7 elementor-widget elementor-widget-text-editor\" data-id=\"23102c7\" data-element_type=\"widget\" data-widget_type=\"text-editor.default\">\n\t\t\t\t<div class=\"elementor-widget-container\">\n\t\t\t\t\t\t\t<p><strong>BUREAU<\/strong><\/p><p><strong>Pr\u00e9sident&nbsp; : Eric THOMAS 06 67 36 15 86<\/strong><\/p>\n<p><strong>Secr\u00e9taire : Gilles Lebras&nbsp;&nbsp;&nbsp; 06 21 51 64 84<br><\/strong><\/p>\n<div>\n<p><strong>INSTRUCTEURS<\/strong><\/p>\n<p><strong>Eric THOMAS:&nbsp;&nbsp;&nbsp; 06 67 36 15 86<\/strong><\/p>\n<p><strong>Michel TRIPIER: 06 28 57 06 87 <\/strong><\/p>\n<\/div>\t\t\t\t\t\t<\/div>\n\t\t\t\t<\/div>\n\t\t\t\t\t<\/div>\n\t\t<\/div>\n\t\t\t\t\t\t\t<\/div>\n\t\t<\/section>\n\t\t\t\t<section class=\"elementor-section elementor-top-section elementor-element elementor-element-4e226f6 elementor-section-boxed elementor-section-height-default elementor-section-height-default\" data-id=\"4e226f6\" data-element_type=\"section\">\n\t\t\t\t\t\t<div class=\"elementor-container elementor-column-gap-default\">\n\t\t\t\t\t<div class=\"elementor-column elementor-col-50 elementor-top-column elementor-element elementor-element-e507e28\" data-id=\"e507e28\" data-element_type=\"column\">\n\t\t\t<div class=\"elementor-widget-wrap elementor-element-populated\">\n\t\t\t\t\t\t\t\t<div class=\"elementor-element elementor-element-8ccc45c elementor-widget elementor-widget-image\" data-id=\"8ccc45c\" data-element_type=\"widget\" data-widget_type=\"image.default\">\n\t\t\t\t<div class=\"elementor-widget-container\">\n\t\t\t\t\t\t\t\t\t\t\t\t\t\t\t<img decoding=\"async\" width=\"800\" height=\"600\" src=\"https:\/\/83ulm.fr\/wp-content\/uploads\/2023\/01\/Ecole-de-Pilotage-9-LFTF-Verticale-Terrain-1-1024x768.jpg\" class=\"attachment-large size-large wp-image-162\" alt=\"\" loading=\"lazy\" srcset=\"https:\/\/83ulm.fr\/wp-content\/uploads\/2023\/01\/Ecole-de-Pilotage-9-LFTF-Verticale-Terrain-1-1024x768.jpg 1024w, https:\/\/83ulm.fr\/wp-content\/uploads\/2023\/01\/Ecole-de-Pilotage-9-LFTF-Verticale-Terrain-1-300x225.jpg 300w, https:\/\/83ulm.fr\/wp-content\/uploads\/2023\/01\/Ecole-de-Pilotage-9-LFTF-Verticale-Terrain-1-768x576.jpg 768w, https:\/\/83ulm.fr\/wp-content\/uploads\/2023\/01\/Ecole-de-Pilotage-9-LFTF-Verticale-Terrain-1-1536x1152.jpg 1536w, https:\/\/83ulm.fr\/wp-content\/uploads\/2023\/01\/Ecole-de-Pilotage-9-LFTF-Verticale-Terrain-1-2048x1536.jpg 2048w\" sizes=\"(max-width: 800px) 100vw, 800px\" \/>\t\t\t\t\t\t\t\t\t\t\t\t\t\t\t<\/div>\n\t\t\t\t<\/div>\n\t\t\t\t\t<\/div>\n\t\t<\/div>\n\t\t\t\t<div class=\"elementor-column elementor-col-50 elementor-top-column elementor-element elementor-element-a9280e3\" data-id=\"a9280e3\" data-element_type=\"column\">\n\t\t\t<div class=\"elementor-widget-wrap elementor-element-populated\">\n\t\t\t\t\t\t\t\t<div class=\"elementor-element elementor-element-9471804 elementor-widget elementor-widget-text-editor\" data-id=\"9471804\" data-element_type=\"widget\" data-widget_type=\"text-editor.default\">\n\t\t\t\t<div class=\"elementor-widget-container\">\n\t\t\t\t\t\t\t<p>email<\/p>\n<p>83ulm.email@gmail.com<\/p>\n\n<p>R\u00e9servation<\/p>\n<p>83ulm.resa@gmail.com<\/p>\t\t\t\t\t\t<\/div>\n\t\t\t\t<\/div>\n\t\t\t\t<div class=\"elementor-element elementor-element-30fa65a elementor-widget elementor-widget-text-editor\" data-id=\"30fa65a\" data-element_type=\"widget\" data-widget_type=\"text-editor.default\">\n\t\t\t\t<div class=\"elementor-widget-container\">\n\t\t\t\t\t\t\t\t\t\t\t\t\t<\/div>\n\t\t\t\t<\/div>\n\t\t\t\t\t<\/div>\n\t\t<\/div>\n\t\t\t\t\t\t\t<\/div>\n\t\t<\/section>\n\t\t\t\t\t\t\t<\/div>\n\t\t","protected":false},"excerpt":{"rendered":"<p>CONTACTS 83ULM Zone Civile A\u00e9rodrome de Cuers-Pierrefeu 83140 CUERS BUREAU Pr\u00e9sident&nbsp; : Eric THOMAS 06 67 36 15 86 Secr\u00e9taire : Gilles Lebras&nbsp;&nbsp;&nbsp; 06 21 51 64 84 INSTRUCTEURS Eric THOMAS:&nbsp;&nbsp;&nbsp; 06 67 36 15 86 Michel TRIPIER: 06 28 57 06 87 email 83ulm.email@gmail.com R\u00e9servation 83ulm.resa@gmail.com<\/p>\n","protected":false},"author":1,"featured_media":0,"parent":0,"menu_order":6,"comment_status":"closed","ping_status":"closed","template":"","meta":[],"_links":{"self":[{"href":"https:\/\/83ulm.fr\/index.php?rest_route=\/wp\/v2\/pages\/157"}],"collection":[{"href":"https:\/\/83ulm.fr\/index.php?rest_route=\/wp\/v2\/pages"}],"about":[{"href":"https:\/\/83ulm.fr\/index.php?rest_route=\/wp\/v2\/types\/page"}],"author":[{"embeddable":true,"href":"https:\/\/83ulm.fr\/index.php?rest_route=\/wp\/v2\/users\/1"}],"replies":[{"embeddable":true,"href":"https:\/\/83ulm.fr\/index.php?rest_route=%2Fwp%2Fv2%2Fcomments&post=157"}],"version-history":[{"count":11,"href":"https:\/\/83ulm.fr\/index.php?rest_route=\/wp\/v2\/pages\/157\/revisions"}],"predecessor-version":[{"id":402,"href":"https:\/\/83ulm.fr\/index.php?rest_route=\/wp\/v2\/pages\/157\/revisions\/402"}],"wp:attachment":[{"href":"https:\/\/83ulm.fr\/index.php?rest_route=%2Fwp%2Fv2%2Fmedia&parent=157"}],"curies":[{"name":"wp","href":"https:\/\/api.w.org\/{rel}","templated":true}]}}