{"id":66,"date":"2023-01-01T22:34:08","date_gmt":"2023-01-01T21:34:08","guid":{"rendered":"http:\/\/83ulm.fr\/?page_id=66"},"modified":"2024-02-11T20:02:22","modified_gmt":"2024-02-11T19:02:22","slug":"ecole","status":"publish","type":"page","link":"https:\/\/83ulm.fr\/?page_id=66","title":{"rendered":"Ecole"},"content":{"rendered":"\t\t<div data-elementor-type=\"wp-page\" data-elementor-id=\"66\" class=\"elementor elementor-66\">\n\t\t\t\t\t\t\t\t\t<section class=\"elementor-section elementor-top-section elementor-element elementor-element-6513a24 elementor-section-full_width elementor-section-height-min-height elementor-section-content-middle elementor-section-height-default elementor-section-items-middle\" data-id=\"6513a24\" data-element_type=\"section\" data-settings=\"{&quot;background_background&quot;:&quot;slideshow&quot;,&quot;background_slideshow_gallery&quot;:[{&quot;id&quot;:26,&quot;url&quot;:&quot;http:\\\/\\\/83ulm.fr\\\/wp-content\\\/uploads\\\/2023\\\/01\\\/Tour-dItalie-22-8.jpg&quot;},{&quot;id&quot;:25,&quot;url&quot;:&quot;http:\\\/\\\/83ulm.fr\\\/wp-content\\\/uploads\\\/2023\\\/01\\\/Montagne-Savage-Valberg-23.jpg&quot;},{&quot;id&quot;:24,&quot;url&quot;:&quot;http:\\\/\\\/83ulm.fr\\\/wp-content\\\/uploads\\\/2023\\\/01\\\/Tour-dItalie-22-18.jpg&quot;},{&quot;id&quot;:23,&quot;url&quot;:&quot;http:\\\/\\\/83ulm.fr\\\/wp-content\\\/uploads\\\/2023\\\/01\\\/Tour-dItalie-22-13.jpg&quot;},{&quot;id&quot;:22,&quot;url&quot;:&quot;http:\\\/\\\/83ulm.fr\\\/wp-content\\\/uploads\\\/2023\\\/01\\\/Ecole-de-Pilotage-9-LFTF-Verticale-Terrain-scaled.jpg&quot;},{&quot;id&quot;:21,&quot;url&quot;:&quot;http:\\\/\\\/83ulm.fr\\\/wp-content\\\/uploads\\\/2023\\\/01\\\/Savage-Sainte-Croix-8-rotated.jpg&quot;},{&quot;id&quot;:20,&quot;url&quot;:&quot;http:\\\/\\\/83ulm.fr\\\/wp-content\\\/uploads\\\/2023\\\/01\\\/Tour-de-France-2014-9-15-scaled.jpg&quot;},{&quot;id&quot;:19,&quot;url&quot;:&quot;http:\\\/\\\/83ulm.fr\\\/wp-content\\\/uploads\\\/2023\\\/01\\\/Tour-de-France-2014-7-scaled.jpg&quot;},{&quot;id&quot;:18,&quot;url&quot;:&quot;http:\\\/\\\/83ulm.fr\\\/wp-content\\\/uploads\\\/2023\\\/01\\\/MontagneFJAGT-Banon.jpeg&quot;},{&quot;id&quot;:17,&quot;url&quot;:&quot;http:\\\/\\\/83ulm.fr\\\/wp-content\\\/uploads\\\/2023\\\/01\\\/Montagne-FJAGT-Vers-GAP.jpg&quot;},{&quot;id&quot;:15,&quot;url&quot;:&quot;http:\\\/\\\/83ulm.fr\\\/wp-content\\\/uploads\\\/2023\\\/01\\\/Rallye-Tunisie-19-scaled.jpg&quot;},{&quot;id&quot;:68,&quot;url&quot;:&quot;http:\\\/\\\/83ulm.fr\\\/wp-content\\\/uploads\\\/2023\\\/01\\\/Montagne-FJVNE-Lac-de-Sainte-Croix.jpg&quot;}],&quot;background_slideshow_loop&quot;:&quot;yes&quot;,&quot;background_slideshow_slide_duration&quot;:5000,&quot;background_slideshow_slide_transition&quot;:&quot;fade&quot;,&quot;background_slideshow_transition_duration&quot;:500}\">\n\t\t\t\t\t\t<div class=\"elementor-container elementor-column-gap-default\">\n\t\t\t\t\t<div class=\"elementor-column elementor-col-100 elementor-top-column elementor-element elementor-element-6b46933\" data-id=\"6b46933\" data-element_type=\"column\">\n\t\t\t<div class=\"elementor-widget-wrap elementor-element-populated\">\n\t\t\t\t\t\t\t\t<div class=\"elementor-element elementor-element-8b85e97 elementor-widget elementor-widget-heading\" data-id=\"8b85e97\" data-element_type=\"widget\" data-widget_type=\"heading.default\">\n\t\t\t\t<div class=\"elementor-widget-container\">\n\t\t\t<style>\/*! elementor - v3.9.2 - 21-12-2022 *\/\n.elementor-heading-title{padding:0;margin:0;line-height:1}.elementor-widget-heading .elementor-heading-title[class*=elementor-size-]>a{color:inherit;font-size:inherit;line-height:inherit}.elementor-widget-heading .elementor-heading-title.elementor-size-small{font-size:15px}.elementor-widget-heading .elementor-heading-title.elementor-size-medium{font-size:19px}.elementor-widget-heading .elementor-heading-title.elementor-size-large{font-size:29px}.elementor-widget-heading .elementor-heading-title.elementor-size-xl{font-size:39px}.elementor-widget-heading .elementor-heading-title.elementor-size-xxl{font-size:59px}<\/style><h1 class=\"elementor-heading-title elementor-size-default\">ECOLE DE PILOTAGE<\/h1>\t\t<\/div>\n\t\t\t\t<\/div>\n\t\t\t\t\t<\/div>\n\t\t<\/div>\n\t\t\t\t\t\t\t<\/div>\n\t\t<\/section>\n\t\t\t\t<section class=\"elementor-section elementor-top-section elementor-element elementor-element-109821c elementor-section-boxed elementor-section-height-default elementor-section-height-default\" data-id=\"109821c\" data-element_type=\"section\">\n\t\t\t\t\t\t<div class=\"elementor-container elementor-column-gap-default\">\n\t\t\t\t\t<div class=\"elementor-column elementor-col-50 elementor-top-column elementor-element elementor-element-c49d95e\" data-id=\"c49d95e\" data-element_type=\"column\">\n\t\t\t<div class=\"elementor-widget-wrap elementor-element-populated\">\n\t\t\t\t\t\t\t\t<div class=\"elementor-element elementor-element-f2c38cc elementor-widget elementor-widget-image\" data-id=\"f2c38cc\" data-element_type=\"widget\" data-widget_type=\"image.default\">\n\t\t\t\t<div class=\"elementor-widget-container\">\n\t\t\t<style>\/*! elementor - v3.9.2 - 21-12-2022 *\/\n.elementor-widget-image{text-align:center}.elementor-widget-image a{display:inline-block}.elementor-widget-image a img[src$=\".svg\"]{width:48px}.elementor-widget-image img{vertical-align:middle;display:inline-block}<\/style>\t\t\t\t\t\t\t\t\t<figure class=\"wp-caption\">\n\t\t\t\t\t\t\t\t\t\t<img decoding=\"async\" width=\"800\" height=\"600\" src=\"https:\/\/83ulm.fr\/wp-content\/uploads\/2023\/01\/Ecole-de-Pilotage-6-FJAGT-On-se-prepare-1024x768.jpg\" class=\"attachment-large size-large wp-image-69\" alt=\"\" loading=\"lazy\" srcset=\"https:\/\/83ulm.fr\/wp-content\/uploads\/2023\/01\/Ecole-de-Pilotage-6-FJAGT-On-se-prepare-1024x768.jpg 1024w, https:\/\/83ulm.fr\/wp-content\/uploads\/2023\/01\/Ecole-de-Pilotage-6-FJAGT-On-se-prepare-300x225.jpg 300w, https:\/\/83ulm.fr\/wp-content\/uploads\/2023\/01\/Ecole-de-Pilotage-6-FJAGT-On-se-prepare-768x576.jpg 768w, https:\/\/83ulm.fr\/wp-content\/uploads\/2023\/01\/Ecole-de-Pilotage-6-FJAGT-On-se-prepare.jpg 1226w\" sizes=\"(max-width: 800px) 100vw, 800px\" \/>\t\t\t\t\t\t\t\t\t\t\t<figcaption class=\"widget-image-caption wp-caption-text\">Notre Savannah Ecole Visite Pr\u00e9vol<\/figcaption>\n\t\t\t\t\t\t\t\t\t\t<\/figure>\n\t\t\t\t\t\t\t\t\t<\/div>\n\t\t\t\t<\/div>\n\t\t\t\t\t<\/div>\n\t\t<\/div>\n\t\t\t\t<div class=\"elementor-column elementor-col-50 elementor-top-column elementor-element elementor-element-9de5e9f\" data-id=\"9de5e9f\" data-element_type=\"column\">\n\t\t\t<div class=\"elementor-widget-wrap elementor-element-populated\">\n\t\t\t\t\t\t\t\t<div class=\"elementor-element elementor-element-d4ff19c elementor-widget elementor-widget-heading\" data-id=\"d4ff19c\" data-element_type=\"widget\" data-widget_type=\"heading.default\">\n\t\t\t\t<div class=\"elementor-widget-container\">\n\t\t\t<h2 class=\"elementor-heading-title elementor-size-default\">d\u00e9butant vous voulez deveniR PILOTE<\/h2>\t\t<\/div>\n\t\t\t\t<\/div>\n\t\t\t\t<div class=\"elementor-element elementor-element-4d405ff elementor-widget elementor-widget-text-editor\" data-id=\"4d405ff\" data-element_type=\"widget\" data-widget_type=\"text-editor.default\">\n\t\t\t\t<div class=\"elementor-widget-container\">\n\t\t\t<style>\/*! elementor - v3.9.2 - 21-12-2022 *\/\n.elementor-widget-text-editor.elementor-drop-cap-view-stacked .elementor-drop-cap{background-color:#818a91;color:#fff}.elementor-widget-text-editor.elementor-drop-cap-view-framed .elementor-drop-cap{color:#818a91;border:3px solid;background-color:transparent}.elementor-widget-text-editor:not(.elementor-drop-cap-view-default) .elementor-drop-cap{margin-top:8px}.elementor-widget-text-editor:not(.elementor-drop-cap-view-default) .elementor-drop-cap-letter{width:1em;height:1em}.elementor-widget-text-editor .elementor-drop-cap{float:left;text-align:center;line-height:1;font-size:50px}.elementor-widget-text-editor .elementor-drop-cap-letter{display:inline-block}<\/style>\t\t\t\t<p>Il faudra obtenir le brevet et licence de pilote d&rsquo;ULM.<\/p><p>Vous devrez suivre une formation qui comporte deux volets.<\/p><p>Une formation pratique en vol<\/p><p>Une formation th\u00e9orique<\/p><p>A l\u2019issue de ces formations, vous passerez un test. Si le r\u00e9sultat est positif, l\u2019examinateur vous d\u00e9livrera une attestation de r\u00e9ussite. Vous n\u2019aurez plus qu\u2019\u00e0 la faire valider par la DGAC pour obtenir le brevet et licence de pilote d&rsquo;ULM.<\/p>\t\t\t\t\t\t<\/div>\n\t\t\t\t<\/div>\n\t\t\t\t\t<\/div>\n\t\t<\/div>\n\t\t\t\t\t\t\t<\/div>\n\t\t<\/section>\n\t\t\t\t<section class=\"elementor-section elementor-top-section elementor-element elementor-element-f2a542f elementor-section-boxed elementor-section-height-default elementor-section-height-default\" data-id=\"f2a542f\" data-element_type=\"section\">\n\t\t\t\t\t\t<div class=\"elementor-container elementor-column-gap-default\">\n\t\t\t\t\t<div class=\"elementor-column elementor-col-50 elementor-top-column elementor-element elementor-element-fb29eb3\" data-id=\"fb29eb3\" data-element_type=\"column\">\n\t\t\t<div class=\"elementor-widget-wrap elementor-element-populated\">\n\t\t\t\t\t\t\t\t<div class=\"elementor-element elementor-element-57b4a52 elementor-widget elementor-widget-image\" data-id=\"57b4a52\" data-element_type=\"widget\" data-widget_type=\"image.default\">\n\t\t\t\t<div class=\"elementor-widget-container\">\n\t\t\t\t\t\t\t\t\t\t\t\t<figure class=\"wp-caption\">\n\t\t\t\t\t\t\t\t\t\t<img decoding=\"async\" width=\"800\" height=\"600\" src=\"https:\/\/83ulm.fr\/wp-content\/uploads\/2023\/01\/Ecole-de-Pilotage-1-1024x768.jpg\" class=\"attachment-large size-large wp-image-70\" alt=\"\" loading=\"lazy\" srcset=\"https:\/\/83ulm.fr\/wp-content\/uploads\/2023\/01\/Ecole-de-Pilotage-1-1024x768.jpg 1024w, https:\/\/83ulm.fr\/wp-content\/uploads\/2023\/01\/Ecole-de-Pilotage-1-300x225.jpg 300w, https:\/\/83ulm.fr\/wp-content\/uploads\/2023\/01\/Ecole-de-Pilotage-1-768x576.jpg 768w, https:\/\/83ulm.fr\/wp-content\/uploads\/2023\/01\/Ecole-de-Pilotage-1-1536x1152.jpg 1536w, https:\/\/83ulm.fr\/wp-content\/uploads\/2023\/01\/Ecole-de-Pilotage-1-2048x1536.jpg 2048w\" sizes=\"(max-width: 800px) 100vw, 800px\" \/>\t\t\t\t\t\t\t\t\t\t\t<figcaption class=\"widget-image-caption wp-caption-text\">D\u00e9part pour une navigation<\/figcaption>\n\t\t\t\t\t\t\t\t\t\t<\/figure>\n\t\t\t\t\t\t\t\t\t<\/div>\n\t\t\t\t<\/div>\n\t\t\t\t\t<\/div>\n\t\t<\/div>\n\t\t\t\t<div class=\"elementor-column elementor-col-50 elementor-top-column elementor-element elementor-element-e01d709\" data-id=\"e01d709\" data-element_type=\"column\">\n\t\t\t<div class=\"elementor-widget-wrap elementor-element-populated\">\n\t\t\t\t\t\t\t\t<div class=\"elementor-element elementor-element-d5c083e elementor-widget elementor-widget-heading\" data-id=\"d5c083e\" data-element_type=\"widget\" data-widget_type=\"heading.default\">\n\t\t\t\t<div class=\"elementor-widget-container\">\n\t\t\t<h3 class=\"elementor-heading-title elementor-size-default\">LA FORMATION PRATIQUE<\/h3>\t\t<\/div>\n\t\t\t\t<\/div>\n\t\t\t\t<div class=\"elementor-element elementor-element-312506a elementor-widget elementor-widget-text-editor\" data-id=\"312506a\" data-element_type=\"widget\" data-widget_type=\"text-editor.default\">\n\t\t\t\t<div class=\"elementor-widget-container\">\n\t\t\t\t\t\t\t<p>Elle comprend 5 phases:<\/p><p>Phase 1 (1h00): D\u00e9couverte du vol<\/p><p>Phase 2 (5h00): Appropriation du d\u00e9placement de l\u2019ULM et d\u00e9couverte de l\u2019environnement.<\/p><p>Phase 3 (10h00): Apprentissage de l\u2019approche et de l\u2019atterrissage. Premi\u00e8res notions de navigation.<\/p><p>Phase 4 (8h00): Approche des limites du domaine de vol. Premiers vols solos.<\/p><p>Phase 5 (7h00): Perfectionnement du pilotage et de la navigation<\/p>\t\t\t\t\t\t<\/div>\n\t\t\t\t<\/div>\n\t\t\t\t\t<\/div>\n\t\t<\/div>\n\t\t\t\t\t\t\t<\/div>\n\t\t<\/section>\n\t\t\t\t<section class=\"elementor-section elementor-top-section elementor-element elementor-element-3c91ea3 elementor-section-boxed elementor-section-height-default elementor-section-height-default\" data-id=\"3c91ea3\" data-element_type=\"section\">\n\t\t\t\t\t\t<div class=\"elementor-container elementor-column-gap-default\">\n\t\t\t\t\t<div class=\"elementor-column elementor-col-50 elementor-top-column elementor-element elementor-element-d9e0e85\" data-id=\"d9e0e85\" data-element_type=\"column\">\n\t\t\t<div class=\"elementor-widget-wrap elementor-element-populated\">\n\t\t\t\t\t\t\t\t<div class=\"elementor-element elementor-element-c03d860 elementor-widget elementor-widget-image\" data-id=\"c03d860\" data-element_type=\"widget\" data-widget_type=\"image.default\">\n\t\t\t\t<div class=\"elementor-widget-container\">\n\t\t\t\t\t\t\t\t\t\t\t\t<figure class=\"wp-caption\">\n\t\t\t\t\t\t\t\t\t\t<img decoding=\"async\" width=\"800\" height=\"434\" src=\"https:\/\/83ulm.fr\/wp-content\/uploads\/2023\/01\/Ecole-de-Pilotage-4-Dunia-1024x555.jpg\" class=\"attachment-large size-large wp-image-71\" alt=\"\" loading=\"lazy\" srcset=\"https:\/\/83ulm.fr\/wp-content\/uploads\/2023\/01\/Ecole-de-Pilotage-4-Dunia-1024x555.jpg 1024w, https:\/\/83ulm.fr\/wp-content\/uploads\/2023\/01\/Ecole-de-Pilotage-4-Dunia-300x163.jpg 300w, https:\/\/83ulm.fr\/wp-content\/uploads\/2023\/01\/Ecole-de-Pilotage-4-Dunia-768x417.jpg 768w, https:\/\/83ulm.fr\/wp-content\/uploads\/2023\/01\/Ecole-de-Pilotage-4-Dunia-1536x833.jpg 1536w, https:\/\/83ulm.fr\/wp-content\/uploads\/2023\/01\/Ecole-de-Pilotage-4-Dunia.jpg 1958w\" sizes=\"(max-width: 800px) 100vw, 800px\" \/>\t\t\t\t\t\t\t\t\t\t\t<figcaption class=\"widget-image-caption wp-caption-text\">Site de th\u00e9orique Dunia aviation<\/figcaption>\n\t\t\t\t\t\t\t\t\t\t<\/figure>\n\t\t\t\t\t\t\t\t\t<\/div>\n\t\t\t\t<\/div>\n\t\t\t\t<div class=\"elementor-element elementor-element-9c84434 elementor-widget elementor-widget-button\" data-id=\"9c84434\" data-element_type=\"widget\" data-widget_type=\"button.default\">\n\t\t\t\t<div class=\"elementor-widget-container\">\n\t\t\t\t\t<div class=\"elementor-button-wrapper\">\n\t\t\t<a href=\"https:\/\/dunia-aviation.com\/\" target=\"_blank\" class=\"elementor-button-link elementor-button elementor-size-sm\" role=\"button\">\n\t\t\t\t\t\t<span class=\"elementor-button-content-wrapper\">\n\t\t\t\t\t\t<span class=\"elementor-button-text\">Dunia aviation<\/span>\n\t\t<\/span>\n\t\t\t\t\t<\/a>\n\t\t<\/div>\n\t\t\t\t<\/div>\n\t\t\t\t<\/div>\n\t\t\t\t\t<\/div>\n\t\t<\/div>\n\t\t\t\t<div class=\"elementor-column elementor-col-50 elementor-top-column elementor-element elementor-element-f3f22c8\" data-id=\"f3f22c8\" data-element_type=\"column\">\n\t\t\t<div class=\"elementor-widget-wrap elementor-element-populated\">\n\t\t\t\t\t\t\t\t<div class=\"elementor-element elementor-element-cb4bd06 elementor-widget elementor-widget-heading\" data-id=\"cb4bd06\" data-element_type=\"widget\" data-widget_type=\"heading.default\">\n\t\t\t\t<div class=\"elementor-widget-container\">\n\t\t\t<h2 class=\"elementor-heading-title elementor-size-default\">LA FORMATION THEORIQUE<\/h2>\t\t<\/div>\n\t\t\t\t<\/div>\n\t\t\t\t<div class=\"elementor-element elementor-element-c054f9e elementor-widget elementor-widget-text-editor\" data-id=\"c054f9e\" data-element_type=\"widget\" data-widget_type=\"text-editor.default\">\n\t\t\t\t<div class=\"elementor-widget-container\">\n\t\t\t\t\t\t\t<p>La formation th\u00e9orique se d\u00e9roule en parall\u00e8le de la formation pratique. Elle suit l\u2019\u00e9volution des vols ce qui permet de mieux appr\u00e9hender les diff\u00e9rents th\u00e8mes de l\u2019examen (connaissance des ULM, m\u00e9t\u00e9o, navigation, facteurs humains\u2026) et de les vivre dans des situations concr\u00e8tes.<\/p><p>Apr\u00e8s quelques vols 83ULM offre aux \u00e9l\u00e8ves 3 mois de formation sur le site <a href=\"https:\/\/www.aerogligli.fr\/\">aerogligli.<\/a><\/p><p>Cette formation vous permettra de passer l\u2019examen th\u00e9orique commun \u00e0 toutes les classes d\u2019ULM<\/p>\t\t\t\t\t\t<\/div>\n\t\t\t\t<\/div>\n\t\t\t\t\t<\/div>\n\t\t<\/div>\n\t\t\t\t\t\t\t<\/div>\n\t\t<\/section>\n\t\t\t\t<section class=\"elementor-section elementor-top-section elementor-element elementor-element-2553e36 elementor-section-boxed elementor-section-height-default elementor-section-height-default\" data-id=\"2553e36\" data-element_type=\"section\">\n\t\t\t\t\t\t<div class=\"elementor-container elementor-column-gap-default\">\n\t\t\t\t\t<div class=\"elementor-column elementor-col-50 elementor-top-column elementor-element elementor-element-396f97c\" data-id=\"396f97c\" data-element_type=\"column\">\n\t\t\t<div class=\"elementor-widget-wrap elementor-element-populated\">\n\t\t\t\t\t\t\t\t<div class=\"elementor-element elementor-element-374bf7c elementor-widget elementor-widget-image\" data-id=\"374bf7c\" data-element_type=\"widget\" data-widget_type=\"image.default\">\n\t\t\t\t<div class=\"elementor-widget-container\">\n\t\t\t\t\t\t\t\t\t\t\t\t\t\t\t<img decoding=\"async\" width=\"768\" height=\"1024\" src=\"https:\/\/83ulm.fr\/wp-content\/uploads\/2023\/01\/Ecole-de-Pilotage-11-Navigation-vers-GAP-768x1024.jpg\" class=\"attachment-large size-large wp-image-72\" alt=\"\" loading=\"lazy\" srcset=\"https:\/\/83ulm.fr\/wp-content\/uploads\/2023\/01\/Ecole-de-Pilotage-11-Navigation-vers-GAP-768x1024.jpg 768w, https:\/\/83ulm.fr\/wp-content\/uploads\/2023\/01\/Ecole-de-Pilotage-11-Navigation-vers-GAP-225x300.jpg 225w, https:\/\/83ulm.fr\/wp-content\/uploads\/2023\/01\/Ecole-de-Pilotage-11-Navigation-vers-GAP-1152x1536.jpg 1152w, https:\/\/83ulm.fr\/wp-content\/uploads\/2023\/01\/Ecole-de-Pilotage-11-Navigation-vers-GAP.jpg 1536w\" sizes=\"(max-width: 768px) 100vw, 768px\" \/>\t\t\t\t\t\t\t\t\t\t\t\t\t\t\t<\/div>\n\t\t\t\t<\/div>\n\t\t\t\t<div class=\"elementor-element elementor-element-2b3746b elementor-widget elementor-widget-image\" data-id=\"2b3746b\" data-element_type=\"widget\" data-widget_type=\"image.default\">\n\t\t\t\t<div class=\"elementor-widget-container\">\n\t\t\t\t\t\t\t\t\t\t\t\t\t\t\t<img decoding=\"async\" width=\"800\" height=\"566\" src=\"https:\/\/83ulm.fr\/wp-content\/uploads\/2023\/01\/Ecole-de-Pilotage-3-Carte-VAC-LFTF-1024x724.jpg\" class=\"attachment-large size-large wp-image-73\" alt=\"\" loading=\"lazy\" srcset=\"https:\/\/83ulm.fr\/wp-content\/uploads\/2023\/01\/Ecole-de-Pilotage-3-Carte-VAC-LFTF-1024x724.jpg 1024w, https:\/\/83ulm.fr\/wp-content\/uploads\/2023\/01\/Ecole-de-Pilotage-3-Carte-VAC-LFTF-300x212.jpg 300w, https:\/\/83ulm.fr\/wp-content\/uploads\/2023\/01\/Ecole-de-Pilotage-3-Carte-VAC-LFTF-768x543.jpg 768w, https:\/\/83ulm.fr\/wp-content\/uploads\/2023\/01\/Ecole-de-Pilotage-3-Carte-VAC-LFTF-1536x1086.jpg 1536w, https:\/\/83ulm.fr\/wp-content\/uploads\/2023\/01\/Ecole-de-Pilotage-3-Carte-VAC-LFTF-2048x1448.jpg 2048w\" sizes=\"(max-width: 800px) 100vw, 800px\" \/>\t\t\t\t\t\t\t\t\t\t\t\t\t\t\t<\/div>\n\t\t\t\t<\/div>\n\t\t\t\t\t<\/div>\n\t\t<\/div>\n\t\t\t\t<div class=\"elementor-column elementor-col-50 elementor-top-column elementor-element elementor-element-f4f242a\" data-id=\"f4f242a\" data-element_type=\"column\">\n\t\t\t<div class=\"elementor-widget-wrap elementor-element-populated\">\n\t\t\t\t\t\t\t\t<div class=\"elementor-element elementor-element-a0dc31b elementor-widget elementor-widget-heading\" data-id=\"a0dc31b\" data-element_type=\"widget\" data-widget_type=\"heading.default\">\n\t\t\t\t<div class=\"elementor-widget-container\">\n\t\t\t<h2 class=\"elementor-heading-title elementor-size-default\">TEST DE DELIVRANCE DU BREVET<\/h2>\t\t<\/div>\n\t\t\t\t<\/div>\n\t\t\t\t<div class=\"elementor-element elementor-element-748f3f6 elementor-widget elementor-widget-spacer\" data-id=\"748f3f6\" data-element_type=\"widget\" data-widget_type=\"spacer.default\">\n\t\t\t\t<div class=\"elementor-widget-container\">\n\t\t\t<style>\/*! elementor - v3.9.2 - 21-12-2022 *\/\n.elementor-column .elementor-spacer-inner{height:var(--spacer-size)}.e-con{--container-widget-width:100%}.e-con-inner>.elementor-widget-spacer,.e-con>.elementor-widget-spacer{width:var(--container-widget-width,var(--spacer-size));--align-self:var(--container-widget-align-self,initial);--flex-shrink:0}.e-con-inner>.elementor-widget-spacer>.elementor-widget-container,.e-con-inner>.elementor-widget-spacer>.elementor-widget-container>.elementor-spacer,.e-con>.elementor-widget-spacer>.elementor-widget-container,.e-con>.elementor-widget-spacer>.elementor-widget-container>.elementor-spacer{height:100%}.e-con-inner>.elementor-widget-spacer>.elementor-widget-container>.elementor-spacer>.elementor-spacer-inner,.e-con>.elementor-widget-spacer>.elementor-widget-container>.elementor-spacer>.elementor-spacer-inner{height:var(--container-widget-height,var(--spacer-size))}<\/style>\t\t<div class=\"elementor-spacer\">\n\t\t\t<div class=\"elementor-spacer-inner\"><\/div>\n\t\t<\/div>\n\t\t\t\t<\/div>\n\t\t\t\t<\/div>\n\t\t\t\t<div class=\"elementor-element elementor-element-652b108 elementor-widget elementor-widget-text-editor\" data-id=\"652b108\" data-element_type=\"widget\" data-widget_type=\"text-editor.default\">\n\t\t\t\t<div class=\"elementor-widget-container\">\n\t\t\t\t\t\t\t<p>Un instructeur, celui qui aura conduit votre progression ou un autre licenci\u00e9 au Club, vous fera passer le test en vue d\u2019obtenir votre brevet.&nbsp;<\/p>\n<p>Ce test v\u00e9rifie vos aptitudes \u00e0 piloter l\u2019ULM en toute s\u00e9curit\u00e9 et selon la r\u00e8glementation en vigueur.<\/p>\n<p>Il comporte plusieurs parties : <br><\/p>\n<p><b>La connaissance ULM classe III<\/b><\/p>\n<p>Afin de v\u00e9rifier les connaissances concernant la sp\u00e9cificit\u00e9 de la classe III et de son emploi (constitution, facteurs humains, utilisation \u2026)<\/p>\n<p><b>Le pilotage<\/b><\/p>\n<p>Effectuer des \u00e9volutions d\u00e9montrant votre aptitude \u00e0 piloter un ULM classe III en toute s\u00e9curit\u00e9 (\u00e9volutions dans diff\u00e9rentes configurations, tours de piste, pannes &#8230;)<\/p>\n<p><b>La navigation.<\/b><\/p>\n<p>R\u00e9aliser une navigation entre plusieurs a\u00e9rodromes ou plate-formes ULM que vous aurez d\u00e9j\u00e0 effectu\u00e9e en double et en solo Au pr\u00e9alable, vous aurez constitu\u00e9 un dossier m\u00e9t\u00e9o et r\u00e9dig\u00e9 un \u00ab&nbsp;log de nav&nbsp;\u00bb qui vous servira de support en vol.<\/p>\n<p>A la demande de l\u2019examinateur effectuer un d\u00e9routement tel que vous seriez oblig\u00e9 de l\u2019effectuer en cas d\u2019impossibilit\u00e9 de poursuivre le vol vers la destination initiale.<\/p>\n<p><b>Les communications<\/b><\/p>\n<p>Au cours de la navigation de test vous devrez entrer en relation avec diff\u00e9rents organismes en appliquant une phras\u00e9ologie norm\u00e9e.<\/p>\n<p>Vous trouverez dans les pages de documentation les messages radio de base pour effectuer le tour de piste.<\/p>\n<div><br><\/div>\n<div><br><\/div>\t\t\t\t\t\t<\/div>\n\t\t\t\t<\/div>\n\t\t\t\t\t<\/div>\n\t\t<\/div>\n\t\t\t\t\t\t\t<\/div>\n\t\t<\/section>\n\t\t\t\t\t\t\t<\/div>\n\t\t","protected":false},"excerpt":{"rendered":"<p>ECOLE DE PILOTAGE Notre Savannah Ecole Visite Pr\u00e9vol d\u00e9butant vous voulez deveniR PILOTE Il faudra obtenir le brevet et licence de pilote d&rsquo;ULM. Vous devrez suivre une formation qui comporte deux volets. Une formation pratique en vol Une formation th\u00e9orique A l\u2019issue de ces formations, vous passerez un test. Si le r\u00e9sultat est positif, l\u2019examinateur [&hellip;]<\/p>\n","protected":false},"author":1,"featured_media":0,"parent":0,"menu_order":2,"comment_status":"closed","ping_status":"closed","template":"elementor_theme","meta":[],"_links":{"self":[{"href":"https:\/\/83ulm.fr\/index.php?rest_route=\/wp\/v2\/pages\/66"}],"collection":[{"href":"https:\/\/83ulm.fr\/index.php?rest_route=\/wp\/v2\/pages"}],"about":[{"href":"https:\/\/83ulm.fr\/index.php?rest_route=\/wp\/v2\/types\/page"}],"author":[{"embeddable":true,"href":"https:\/\/83ulm.fr\/index.php?rest_route=\/wp\/v2\/users\/1"}],"replies":[{"embeddable":true,"href":"https:\/\/83ulm.fr\/index.php?rest_route=%2Fwp%2Fv2%2Fcomments&post=66"}],"version-history":[{"count":17,"href":"https:\/\/83ulm.fr\/index.php?rest_route=\/wp\/v2\/pages\/66\/revisions"}],"predecessor-version":[{"id":392,"href":"https:\/\/83ulm.fr\/index.php?rest_route=\/wp\/v2\/pages\/66\/revisions\/392"}],"wp:attachment":[{"href":"https:\/\/83ulm.fr\/index.php?rest_route=%2Fwp%2Fv2%2Fmedia&parent=66"}],"curies":[{"name":"wp","href":"https:\/\/api.w.org\/{rel}","templated":true}]}}